{"id":73,"date":"2025-07-29T10:57:55","date_gmt":"2025-07-29T09:57:55","guid":{"rendered":"http:\/\/lecolibri-impro.org\/?page_id=73"},"modified":"2026-08-25T19:59:21","modified_gmt":"2026-08-25T17:59:21","slug":"le-collectif-dimprovisation-briochin","status":"publish","type":"page","link":"https:\/\/lecolibri-impro.org\/","title":{"rendered":""},"content":{"rendered":"\n<h2 class=\"wp-block-heading\"><\/h2>\n\n\n<ul class=\"wp-block-latest-posts__list aligncenter wp-block-latest-posts is-layout-flow wp-block-latest-posts-is-layout-flow\"><li><a class=\"wp-block-latest-posts__post-title\" href=\"https:\/\/lecolibri-impro.org\/index.php\/2026\/08\/25\/forum-des-associations-de-saint-brieuc-2026-2027\/\">Forum des associations de Saint-Brieuc 2026-2027<\/a><div class=\"wp-block-latest-posts__post-full-content\">\n<p class=\"has-text-align-center has-medium-font-size wp-block-paragraph\"><strong>Le Colibri ouvre ses ailes \u00e0 de nouveaux adh\u00e9rents !<\/strong><\/p>\n\n\n\n<p class=\"has-text-align-center has-large-font-size wp-block-paragraph\"><strong>Rendez-vous  au forum des associations <br>le samedi 05 septembre \u00e0 partir de 9h<\/strong><\/p>\n\n\n\n<p class=\"has-text-align-center has-large-font-size wp-block-paragraph\"><strong>All\u00e9e 2 &#8211; Stand 71<\/strong><\/p>\n\n\n\n<p class=\"has-text-align-center wp-block-paragraph\"><a href=\"https:\/\/www.saint-brieuc.bzh\/information\/agenda\/forum-des-associations-et-vide-grenier\" target=\"_blank\" rel=\"noopener\">plus de d\u00e9tails sur le site www.saint-brieuc.bzh<\/a><\/p>\n\n\n\n<figure class=\"wp-block-image size-large\"><img loading=\"lazy\" decoding=\"async\" width=\"724\" height=\"1024\" src=\"http:\/\/lecolibri-impro.org\/wp-content\/uploads\/2026\/08\/FORUM-DES-ASSOCIATIONS-2026-Affiche-pdf-724x1024.jpg\" alt=\"\" class=\"wp-image-512\"\/><\/figure>\n<\/div><\/li>\n<li><a class=\"wp-block-latest-posts__post-title\" href=\"https:\/\/lecolibri-impro.org\/index.php\/2026\/05\/15\/samedi-30-mai-2026-cabamatch-avec-la-kiltt-saltimbarts\/\">Samedi 30 mai 2026 &#8211; Cabamatch avec la KILTt- Saltimb&rsquo;arts<\/a><div class=\"wp-block-latest-posts__post-full-content\">\n<figure class=\"wp-block-image size-large\"><img loading=\"lazy\" decoding=\"async\" width=\"789\" height=\"1024\" src=\"https:\/\/lecolibri-impro.org\/wp-content\/uploads\/2026\/05\/Saltimbarts_30052026-789x1024.jpg\" alt=\"\" class=\"wp-image-497\" srcset=\"https:\/\/lecolibri-impro.org\/wp-content\/uploads\/2026\/05\/Saltimbarts_30052026-789x1024.jpg 789w, https:\/\/lecolibri-impro.org\/wp-content\/uploads\/2026\/05\/Saltimbarts_30052026-231x300.jpg 231w, https:\/\/lecolibri-impro.org\/wp-content\/uploads\/2026\/05\/Saltimbarts_30052026-768x997.jpg 768w, https:\/\/lecolibri-impro.org\/wp-content\/uploads\/2026\/05\/Saltimbarts_30052026.jpg 794w\" sizes=\"auto, (max-width: 789px) 100vw, 789px\" \/><\/figure>\n<\/div><\/li>\n<li><a class=\"wp-block-latest-posts__post-title\" href=\"https:\/\/lecolibri-impro.org\/index.php\/2026\/05\/14\/cabaret-chez-rosalie-mercredi-27-mai\/\">Cabaret \u00ab\u00a0Chez Rosalie\u00a0\u00bb &#8211; mercredi 27 mai<\/a><div class=\"wp-block-latest-posts__post-full-content\">\n<figure class=\"wp-block-image size-full\"><img loading=\"lazy\" decoding=\"async\" width=\"941\" height=\"790\" src=\"https:\/\/lecolibri-impro.org\/wp-content\/uploads\/2026\/05\/Rosalie_20260527.jpg\" alt=\"\" class=\"wp-image-501\" srcset=\"https:\/\/lecolibri-impro.org\/wp-content\/uploads\/2026\/05\/Rosalie_20260527.jpg 941w, https:\/\/lecolibri-impro.org\/wp-content\/uploads\/2026\/05\/Rosalie_20260527-300x252.jpg 300w, https:\/\/lecolibri-impro.org\/wp-content\/uploads\/2026\/05\/Rosalie_20260527-768x645.jpg 768w\" sizes=\"auto, (max-width: 941px) 100vw, 941px\" \/><\/figure>\n<\/div><\/li>\n<\/ul>\n\n\n<hr class=\"wp-block-separator has-alpha-channel-opacity\"\/>\n\n\n\n<h2 class=\"wp-block-heading\">Le Colibri, c&rsquo;est qui ? c&rsquo;est quoi ?<\/h2>\n\n\n\n<p class=\"wp-block-paragraph\">Le Colibri est une compagnie de th\u00e9\u00e2tre d&rsquo;improvisation bas\u00e9e depuis 20 ans \u00e0 Saint-Brieuc qui pr\u00e9sente ses propres productions et notamment le cabaret, l&rsquo;improhour, le match, l&rsquo;improsture&#8230;<\/p>\n\n\n\n<p class=\"wp-block-paragraph\">L&rsquo;association regroupe environ 50 membres de tous \u00e2ges et horizons. <\/p>\n\n\n\n<p class=\"wp-block-paragraph\">Des ateliers hebdomadaires sont anim\u00e9s par Pascal Hournon. Un atelier le mercredi et deux ateliers le jeudi. Les ateliers regroupent les joueur.se.s. en fonction de leurs exp\u00e9riences<\/p>\n\n\n\n<h2 class=\"wp-block-heading\">Tu souhaites rejoindre Le Colibri ?<\/h2>\n\n\n\n<p class=\"wp-block-paragraph\">Chaque ann\u00e9e, Le Colibri int\u00e8gre de nouveaux improvisateurs.<\/p>\n\n\n\n<p class=\"wp-block-paragraph\">Le plus simple est de nous envoyer un message \u00e0 <a href=\"mailto:lecolibri22@gmail.com\">lecolibri22@gmail.com<\/a> ou de nous retrouver \u00e0 la journ\u00e9e des associations \u00e0 la rentr\u00e9e.<\/p>\n\n\n\n<p class=\"wp-block-paragraph\"><\/p>\n","protected":false},"excerpt":{"rendered":"<p>Le Colibri, c&rsquo;est qui ? c&rsquo;est quoi ? Le Colibri est une compagnie de th\u00e9\u00e2tre d&rsquo;improvisation bas\u00e9e depuis 20 ans \u00e0 Saint-Brieuc qui pr\u00e9sente ses propres productions et notamment le cabaret, l&rsquo;improhour, le match, l&rsquo;improsture&#8230; L&rsquo;association regroupe environ 50 membres de tous \u00e2ges et horizons. Des ateliers hebdomadaires sont anim\u00e9s par Pascal Hournon. Un atelier [&hellip;]<\/p>\n","protected":false},"author":1,"featured_media":0,"parent":0,"menu_order":0,"comment_status":"closed","ping_status":"closed","template":"","meta":{"footnotes":"","_members_access_role":[],"_members_access_error":""},"class_list":["post-73","page","type-page","status-publish","hentry"],"_links":{"self":[{"href":"https:\/\/lecolibri-impro.org\/index.php\/wp-json\/wp\/v2\/pages\/73","targetHints":{"allow":["GET"]}}],"collection":[{"href":"https:\/\/lecolibri-impro.org\/index.php\/wp-json\/wp\/v2\/pages"}],"about":[{"href":"https:\/\/lecolibri-impro.org\/index.php\/wp-json\/wp\/v2\/types\/page"}],"author":[{"embeddable":true,"href":"https:\/\/lecolibri-impro.org\/index.php\/wp-json\/wp\/v2\/users\/1"}],"replies":[{"embeddable":true,"href":"https:\/\/lecolibri-impro.org\/index.php\/wp-json\/wp\/v2\/comments?post=73"}],"version-history":[{"count":32,"href":"https:\/\/lecolibri-impro.org\/index.php\/wp-json\/wp\/v2\/pages\/73\/revisions"}],"predecessor-version":[{"id":518,"href":"https:\/\/lecolibri-impro.org\/index.php\/wp-json\/wp\/v2\/pages\/73\/revisions\/518"}],"wp:attachment":[{"href":"https:\/\/lecolibri-impro.org\/index.php\/wp-json\/wp\/v2\/media?parent=73"}],"curies":[{"name":"wp","href":"https:\/\/api.w.org\/{rel}","templated":true}]}}

<h2 class="wp-block-heading"></h2>


<ul class="wp-block-latest-posts__list aligncenter wp-block-latest-posts is-layout-flow wp-block-latest-posts-is-layout-flow"><li><a class="wp-block-latest-posts__post-title" href="https://lecolibri-impro.org/index.php/2026/08/25/forum-des-associations-de-saint-brieuc-2026-2027/">Forum des associations de Saint-Brieuc 2026-2027</a><div class="wp-block-latest-posts__post-full-content">
<p class="has-text-align-center has-medium-font-size wp-block-paragraph"><strong>Le Colibri ouvre ses ailes à de nouveaux adhérents !</strong></p>



<p class="has-text-align-center has-large-font-size wp-block-paragraph"><strong>Rendez-vous  au forum des associations <br>le samedi 05 septembre à partir de 9h</strong></p>



<p class="has-text-align-center has-large-font-size wp-block-paragraph"><strong>Allée 2 &#8211; Stand 71</strong></p>



<p class="has-text-align-center wp-block-paragraph"><a href="https://www.saint-brieuc.bzh/information/agenda/forum-des-associations-et-vide-grenier" target="_blank" rel="noopener">plus de détails sur le site www.saint-brieuc.bzh</a></p>



<figure class="wp-block-image size-large"><img loading="lazy" decoding="async" width="724" height="1024" src="http://lecolibri-impro.org/wp-content/uploads/2026/08/FORUM-DES-ASSOCIATIONS-2026-Affiche-pdf-724x1024.jpg" alt="" class="wp-image-512"/></figure>
</div></li>
<li><a class="wp-block-latest-posts__post-title" href="https://lecolibri-impro.org/index.php/2026/05/15/samedi-30-mai-2026-cabamatch-avec-la-kiltt-saltimbarts/">Samedi 30 mai 2026 &#8211; Cabamatch avec la KILTt- Saltimb&rsquo;arts</a><div class="wp-block-latest-posts__post-full-content">
<figure class="wp-block-image size-large"><img loading="lazy" decoding="async" width="789" height="1024" src="https://lecolibri-impro.org/wp-content/uploads/2026/05/Saltimbarts_30052026-789x1024.jpg" alt="" class="wp-image-497" srcset="https://lecolibri-impro.org/wp-content/uploads/2026/05/Saltimbarts_30052026-789x1024.jpg 789w, https://lecolibri-impro.org/wp-content/uploads/2026/05/Saltimbarts_30052026-231x300.jpg 231w, https://lecolibri-impro.org/wp-content/uploads/2026/05/Saltimbarts_30052026-768x997.jpg 768w, https://lecolibri-impro.org/wp-content/uploads/2026/05/Saltimbarts_30052026.jpg 794w" sizes="auto, (max-width: 789px) 100vw, 789px" /></figure>
</div></li>
<li><a class="wp-block-latest-posts__post-title" href="https://lecolibri-impro.org/index.php/2026/05/14/cabaret-chez-rosalie-mercredi-27-mai/">Cabaret « Chez Rosalie » &#8211; mercredi 27 mai</a><div class="wp-block-latest-posts__post-full-content">
<figure class="wp-block-image size-full"><img loading="lazy" decoding="async" width="941" height="790" src="https://lecolibri-impro.org/wp-content/uploads/2026/05/Rosalie_20260527.jpg" alt="" class="wp-image-501" srcset="https://lecolibri-impro.org/wp-content/uploads/2026/05/Rosalie_20260527.jpg 941w, https://lecolibri-impro.org/wp-content/uploads/2026/05/Rosalie_20260527-300x252.jpg 300w, https://lecolibri-impro.org/wp-content/uploads/2026/05/Rosalie_20260527-768x645.jpg 768w" sizes="auto, (max-width: 941px) 100vw, 941px" /></figure>
</div></li>
</ul>


<hr class="wp-block-separator has-alpha-channel-opacity"/>



<h2 class="wp-block-heading">Le Colibri, c&rsquo;est qui ? c&rsquo;est quoi ?</h2>



<p class="wp-block-paragraph">Le Colibri est une compagnie de théâtre d&rsquo;improvisation basée depuis 20 ans à Saint-Brieuc qui présente ses propres productions et notamment le cabaret, l&rsquo;improhour, le match, l&rsquo;improsture&#8230;</p>



<p class="wp-block-paragraph">L&rsquo;association regroupe environ 50 membres de tous âges et horizons. </p>



<p class="wp-block-paragraph">Des ateliers hebdomadaires sont animés par Pascal Hournon. Un atelier le mercredi et deux ateliers le jeudi. Les ateliers regroupent les joueur.se.s. en fonction de leurs expériences</p>



<h2 class="wp-block-heading">Tu souhaites rejoindre Le Colibri ?</h2>



<p class="wp-block-paragraph">Chaque année, Le Colibri intègre de nouveaux improvisateurs.</p>



<p class="wp-block-paragraph">Le plus simple est de nous envoyer un message à <a href="mailto:lecolibri22@gmail.com">lecolibri22@gmail.com</a> ou de nous retrouver à la journée des associations à la rentrée.</p>



<p class="wp-block-paragraph"></p>

<p>Le Colibri, c&rsquo;est qui ? c&rsquo;est quoi ? Le Colibri est une compagnie de théâtre d&rsquo;improvisation basée depuis 20 ans à Saint-Brieuc qui présente ses propres productions et notamment le cabaret, l&rsquo;improhour, le match, l&rsquo;improsture&#8230; L&rsquo;association regroupe environ 50 membres de tous âges et horizons. Des ateliers hebdomadaires sont animés par Pascal Hournon. Un atelier [&hellip;]</p>
