{"id":73,"date":"2025-07-29T10:57:55","date_gmt":"2025-07-29T09:57:55","guid":{"rendered":"http:\/\/lecolibri-impro.org\/?page_id=73"},"modified":"2025-10-08T18:44:15","modified_gmt":"2025-10-08T17:44:15","slug":"le-collectif-dimprovisation-briochin","status":"publish","type":"page","link":"https:\/\/lecolibri-impro.org\/","title":{"rendered":""},"content":{"rendered":"\n<h2 class=\"wp-block-heading\">Les spectacles<\/h2>\n\n\n<ul class=\"wp-block-latest-posts__list is-grid columns-3 alignfull wp-block-latest-posts\"><li><a class=\"wp-block-latest-posts__post-title\" href=\"https:\/\/lecolibri-impro.org\/index.php\/2026\/04\/08\/samedi-11-avril-match-avec-la-tique-a-chartres-de-bretagne\/\">Samedi 11 avril &#8211; Match avec La Tique \u00e0 Chartres de Bretagne<\/a><div class=\"wp-block-latest-posts__post-full-content\"><!-- wp:image {\"id\":478,\"sizeSlug\":\"large\",\"linkDestination\":\"none\"} -->\n<figure class=\"wp-block-image size-large\"><img loading=\"lazy\" decoding=\"async\" width=\"1024\" height=\"576\" src=\"https:\/\/lecolibri-impro.org\/wp-content\/uploads\/2026\/04\/LaTiqueAvecLeColibri_11042026-1024x576.jpeg\" alt=\"\" class=\"wp-image-478\" srcset=\"https:\/\/lecolibri-impro.org\/wp-content\/uploads\/2026\/04\/LaTiqueAvecLeColibri_11042026-1024x576.jpeg 1024w, https:\/\/lecolibri-impro.org\/wp-content\/uploads\/2026\/04\/LaTiqueAvecLeColibri_11042026-300x169.jpeg 300w, https:\/\/lecolibri-impro.org\/wp-content\/uploads\/2026\/04\/LaTiqueAvecLeColibri_11042026-768x432.jpeg 768w, https:\/\/lecolibri-impro.org\/wp-content\/uploads\/2026\/04\/LaTiqueAvecLeColibri_11042026-1536x864.jpeg 1536w, https:\/\/lecolibri-impro.org\/wp-content\/uploads\/2026\/04\/LaTiqueAvecLeColibri_11042026.jpeg 1920w\" sizes=\"auto, (max-width: 1024px) 100vw, 1024px\" \/><\/figure>\n<!-- \/wp:image --><\/div><\/li>\n<li><a class=\"wp-block-latest-posts__post-title\" href=\"https:\/\/lecolibri-impro.org\/index.php\/2026\/04\/08\/cabaret-10-avril-2026-a-la-riposte-chatelaudren\/\">Cabaret 10 avril 2026 \u00e0 La Riposte -Chatelaudren<\/a><div class=\"wp-block-latest-posts__post-full-content\"><!-- wp:image {\"id\":475,\"sizeSlug\":\"large\",\"linkDestination\":\"none\"} -->\n<figure class=\"wp-block-image size-large\"><img loading=\"lazy\" decoding=\"async\" width=\"719\" height=\"1024\" src=\"https:\/\/lecolibri-impro.org\/wp-content\/uploads\/2026\/04\/LaRiposte_10042026-719x1024.jpeg\" alt=\"\" class=\"wp-image-475\" srcset=\"https:\/\/lecolibri-impro.org\/wp-content\/uploads\/2026\/04\/LaRiposte_10042026-719x1024.jpeg 719w, https:\/\/lecolibri-impro.org\/wp-content\/uploads\/2026\/04\/LaRiposte_10042026-211x300.jpeg 211w, https:\/\/lecolibri-impro.org\/wp-content\/uploads\/2026\/04\/LaRiposte_10042026-768x1094.jpeg 768w, https:\/\/lecolibri-impro.org\/wp-content\/uploads\/2026\/04\/LaRiposte_10042026.jpeg 788w\" sizes=\"auto, (max-width: 719px) 100vw, 719px\" \/><\/figure>\n<!-- \/wp:image --><\/div><\/li>\n<li><a class=\"wp-block-latest-posts__post-title\" href=\"https:\/\/lecolibri-impro.org\/index.php\/2026\/04\/04\/04-avril-2026-festival-dimpro-les-instantanes-dinan\/\">04 avril 2026 &#8211; Festival d&#8217;impro Les Instantan\u00e9s (Dinan)<\/a><div class=\"wp-block-latest-posts__post-full-content\"><!-- wp:image {\"id\":481,\"sizeSlug\":\"large\",\"linkDestination\":\"none\"} -->\n<figure class=\"wp-block-image size-large\"><img loading=\"lazy\" decoding=\"async\" width=\"768\" height=\"1024\" src=\"https:\/\/lecolibri-impro.org\/wp-content\/uploads\/2026\/04\/FestivalImpro2026_Instantanes-768x1024.jpeg\" alt=\"\" class=\"wp-image-481\" srcset=\"https:\/\/lecolibri-impro.org\/wp-content\/uploads\/2026\/04\/FestivalImpro2026_Instantanes-768x1024.jpeg 768w, https:\/\/lecolibri-impro.org\/wp-content\/uploads\/2026\/04\/FestivalImpro2026_Instantanes-225x300.jpeg 225w, https:\/\/lecolibri-impro.org\/wp-content\/uploads\/2026\/04\/FestivalImpro2026_Instantanes.jpeg 1080w\" sizes=\"auto, (max-width: 768px) 100vw, 768px\" \/><\/figure>\n<!-- \/wp:image --><\/div><\/li>\n<\/ul>\n\n\n<hr class=\"wp-block-separator has-alpha-channel-opacity\"\/>\n\n\n\n<h2 class=\"wp-block-heading\">Le Colibri, c&#8217;est qui ? c&#8217;est quoi ?<\/h2>\n\n\n\n<p>Le Colibri est une compagnie de th\u00e9\u00e2tre d&#8217;improvisation bas\u00e9e depuis 20 ans \u00e0 Saint-Brieuc qui pr\u00e9sente ses propres productions et notamment le cabaret, l&#8217;improhour, le match, l&#8217;improsture&#8230;<\/p>\n\n\n\n<p>L&#8217;association regroupe environ 50 membres de tous \u00e2ges et horizons. <\/p>\n\n\n\n<p>Des ateliers hebdomadaires sont anim\u00e9s par Pascal Hournon. Un atelier le mercredi et deux ateliers le jeudi. Les ateliers regroupent les joueur.se.s. en fonction de leurs exp\u00e9riences<\/p>\n\n\n\n<h2 class=\"wp-block-heading\">Tu souhaites rejoindre Le Colibri ?<\/h2>\n\n\n\n<p>Chaque ann\u00e9e, Le Colibri int\u00e8gre de nouveaux improvisateurs.<\/p>\n\n\n\n<p>Le plus simple est de nous envoyer un message \u00e0 <a href=\"mailto:lecolibri22@gmail.com\">lecolibri22@gmail.com<\/a> ou de nous retrouver \u00e0 la journ\u00e9e des associations \u00e0 la rentr\u00e9e.<\/p>\n\n\n\n<p><\/p>\n","protected":false},"excerpt":{"rendered":"<p>Les spectacles Le Colibri, c&#8217;est qui ? c&#8217;est quoi ? Le Colibri est une compagnie de th\u00e9\u00e2tre d&#8217;improvisation bas\u00e9e depuis 20 ans \u00e0 Saint-Brieuc qui pr\u00e9sente ses propres productions et notamment le cabaret, l&#8217;improhour, le match, l&#8217;improsture&#8230; L&#8217;association regroupe environ 50 membres de tous \u00e2ges et horizons. Des ateliers hebdomadaires sont anim\u00e9s par Pascal Hournon. [&hellip;]<\/p>\n","protected":false},"author":1,"featured_media":0,"parent":0,"menu_order":0,"comment_status":"closed","ping_status":"closed","template":"","meta":{"footnotes":""},"class_list":["post-73","page","type-page","status-publish","hentry"],"_links":{"self":[{"href":"https:\/\/lecolibri-impro.org\/index.php\/wp-json\/wp\/v2\/pages\/73","targetHints":{"allow":["GET"]}}],"collection":[{"href":"https:\/\/lecolibri-impro.org\/index.php\/wp-json\/wp\/v2\/pages"}],"about":[{"href":"https:\/\/lecolibri-impro.org\/index.php\/wp-json\/wp\/v2\/types\/page"}],"author":[{"embeddable":true,"href":"https:\/\/lecolibri-impro.org\/index.php\/wp-json\/wp\/v2\/users\/1"}],"replies":[{"embeddable":true,"href":"https:\/\/lecolibri-impro.org\/index.php\/wp-json\/wp\/v2\/comments?post=73"}],"version-history":[{"count":28,"href":"https:\/\/lecolibri-impro.org\/index.php\/wp-json\/wp\/v2\/pages\/73\/revisions"}],"predecessor-version":[{"id":338,"href":"https:\/\/lecolibri-impro.org\/index.php\/wp-json\/wp\/v2\/pages\/73\/revisions\/338"}],"wp:attachment":[{"href":"https:\/\/lecolibri-impro.org\/index.php\/wp-json\/wp\/v2\/media?parent=73"}],"curies":[{"name":"wp","href":"https:\/\/api.w.org\/{rel}","templated":true}]}}